lse
Is 31 a factor of 144522?
True
Is 18 a factor of 3874?
False
Is 84 a factor of 1678?
False
Does 36 divide 644?
False
Does 19 divide 812?
False
Is 261 a multiple of 73?
False
Is 28 a multiple of 3?
False
Is 97 a factor of 1067?
True
Does 36 divide 90153?
False
Is 714 a multiple of 31?
False
Is 86 a factor of 474?
False
Is 7 a factor of 1085?
True
Does 55 divide 3712?
False
Does 32 divide 4670?
False
Does 192 divide 18240?
True
Is 1634 a multiple of 10?
False
Does 126 divide 2288?
False
Is 24 a multiple of 6?
True
Is 2211 a multiple of 85?
False
Does 4 divide 68?
True
Is 57528 a multiple of 68?
True
Is 70 a factor of 45665?
False
Is 1662 a multiple of 53?
False
Is 20 a factor of 4620?
True
Does 11 divide 673?
False
Is 31 a factor of 191?
False
Is 915 a multiple of 44?
False
Is 103 a multiple of 103?
True
Is 1592 a multiple of 3?
False
Is 16016 a multiple of 91?
True
Is 8349 a multiple of 121?
True
Does 53 divide 820?
False
Is 48858 a multiple of 15?
False
Is 6884 a multiple of 19?
False
Is 23374 a multiple of 13?
True
Is 26 a factor of 8086?
True
Is 9 a factor of 294?
False
Is 6924 a multiple of 20?
False
Does 57 divide 18582?
True
Is 13979 a multiple of 175?
False
Is 49 a factor of 20531?
True
Is 64 a factor of 247?
False
Is 1734 a multiple of 54?
False
Does 2 divide 3723?
False
Does 15 divide 4196?
False
Is 196 a multiple of 28?
True
Is 3231 a multiple of 9?
True
Is 264 a multiple of 2?
True
Is 18 a factor of 1920?
False
Does 27 divide 24398?
False
Is 11 a factor of 3288?
False
Does 95 divide 64505?
True
Does 6 divide 28914?
True
Does 34 divide 55?
False
Is 14 a factor of 361?
False
Is 25 a factor of 1662?
False
Is 80 a factor of 40363?
False
Does 26 divide 217?
False
Is 1724 a multiple of 23?
False
Is 19 a factor of 209?
True
Is 51 a factor of 14377?
False
Is 26 a factor of 269?
False
Is 128 a factor of 27109?
False
Does 23 divide 4178?
False
Is 4 a factor of 2277?
False
Is 2897 a multiple of 11?
False
Is 59829 a multiple of 11?
True
Is 21441 a multiple of 131?
False
Is 12 a factor of 37968?
True
Does 131 divide 25807?
True
Does 11 divide 1030?
False
Is 53878 a multiple of 98?
False
Is 29061 a multiple of 12?
False
Is 117 a factor of 5669?
False
Is 8908 a multiple of 131?
True
Does 118 divide 44728?
False
Is 323 a multiple of 12?
False
Is 21 a factor of 7896?
True
Does 22 divide 665?
False
Does 129 divide 138288?
True
Is 7118 a multiple of 74?
False
Is 19 a factor of 1183?
False
Does 4 divide 261?
False
Is 17992 a multiple of 25?
False
Does 113 divide 5301?
False
Does 19 divide 855?
True
Is 9 a factor of 1226?
False
Does 13 divide 22522?
False
Is 24 a factor of 18168?
True
Is 33 a multiple of 3?
True
Does 21 divide 420?
True
Does 2 divide 620?
True
Does 93 divide 8277?
True
Is 448 a multiple of 112?
True
Is 8357 a multiple of 61?
True
Does 11 divide 2188?
False
Is 783 a multiple of 27?
True
Is 17 a factor of 47328?
True
Is 150 a multiple of 24?
False
Is 13 a factor of 1248?
True
Is 65 a factor of 686?
False
Is 20 a factor of 21244?
False
Does 108 divide 156492?
True
Does 77 divide 14245?
True
Is 296 even?
True
Is 21746 a multiple of 11?
False
Does 3 divide 122?
False
Is 124 a factor of 6820?
True
Does 51 divide 459?
True
Does 16 divide 9360?
True
Is 31 a factor of 2077?
True
Does 29 divide 195?
False
Is 367 a multiple of 2?
False
Is 952 a multiple of 14?
True
Is 25 a factor of 61465?
False
Is 20 a factor of 440?
True
Does 4 divide 7012?
True
Does 27 divide 11125?
False
Is 12692 a multiple of 23?
False
Does 9 divide 2747?
False
Is 12 a factor of 156?
True
Does 4 divide 11828?
True
Does 57 divide 741?
True
Is 70 a factor of 4690?
True
Does 3 divide 1458?
True
Is 8 a factor of 52?
False
Is 58443 a multiple of 231?
True
Is 555 a multiple of 15?
True
Is 49 a factor of 3871?
True
Is 20 a factor of 3520?
True
Does 24 divide 3208?
False
Is 16 a factor of 36152?
False
Is 399 a multiple of 21?
True
Does 222 divide 54168?
True
Is 19 a factor of 1795?
False
Is 11444 a multiple of 154?
False
Is 18337 a multiple of 59?
False
Does 15 divide 39601?
False
Is 1584 a multiple of 22?
True
Does 2 divide 133?
False
Is 42 a factor of 1023?
False
Is 263 a factor of 62510?
False
Is 1175 a multiple of 20?
False
Is 16 a factor of 1360?
True
Is 117 a factor of 129777?
False
Is 1280 a multiple of 32?
True
Is 3 a factor of 60?
True
Is 453 a multiple of 28?
False
Is 1720 a multiple of 43?
True
Is 63 a factor of 1098?
False
Does 109 divide 1109?
False
Is 28 a factor of 1484?
True
Is 18 a factor of 92178?
True
Is 8 a factor of 24?
True
Does 52 divide 5668?
True
Is 120 a factor of 240?
True
Is 10736 a multiple of 16?
True
Does 15 divide 3660?
True
Is 21 a factor of 32752?
False
Is 819 a multiple of 63?
True
Is 3 a factor of 181?
False
Is 2079 a multiple of 63?
True
Is 99 a multiple of 16?
False
Is 2451 a multiple of 57?
True
Does 29 divide 1131?
True
Does 18 divide 1206?
True
Is 3180 a multiple of 20?
True
Is 8 a factor of 17908?
False
Does 37 divide 4530?
False
Is 200 a multiple of 25?
True
Is 1086 a multiple of 12?
False
Is 276 a multiple of 6?
True
Does 17 divide 52768?
True
Does 3 divide 162?
True
Is 11440 a multiple of 65?
True
Is 9 a factor of 7412?
False
Does 27 divide 20038?
False
Does 14 divide 1034?
False
Is 29 a factor of 5368?
False
Is 279 a multiple of 5?
False
Is 860 a multiple of 19?
False
Is 3362 a multiple of 41?
True
Is 8522 a multiple of 9?
False
Is 49 a multiple of 39?
False
Is 20860 a multiple of 20?
True
Does 467 divide 135430?
True
Does 10 divide 340?
True
Does 35 divide 3306?
False
Does 8 divide 4441?
False
Is 25 a factor of 60682?
False
Is 22 a factor of 1377?
False
Does 85 divide 1944?
False
Is 4 a factor of 4806?
False
Does 63 divide 2407?
False
Is 5 a factor of 665?
True
Is 66 a multiple of 6?
True
Is 72 a factor of 3153?
False
Does 73 divide 1021?
False
Does 12 divide 639?
False
Is 50 a multiple of 7?
False
Does 43 divide 913?
False
Is 88 a factor of 5904?
False
Is 8 a factor of 3385?
False
Does 13 divide 7233?
False
Is 23 a factor of 667?
True
Does 14 divide 489?
False
Is 547 a multiple of 22?
False
Does 5 divide 1207?
False
Is 18117 a multiple of 61?
True
Is 47 a factor of 1519?
False
Is 18 a factor of 486?
True
Does 80 divide 1680?
True
Is 5871 a multiple of 19?
True
Is 322 a multiple of 14?
True
Does 3 divide 224?
False
Is 328 a multiple of 57?
False
Is 80 a factor of 2618?
False
Does 9 divide 1933?
False
Is 32 a multiple of 32?
True
Is 59 a factor of 10679?
True
Is 2134 a multiple of 22?
True
Is 120 a factor of 33840?
True
Is 40 a factor of 3876?
False
Does 118 divide 19234?
True
Does 309 divide 6489?
True
Is 35 a factor of 1890?
True
Does 10 divide 2040?
True
Is 54 a factor of 2315?
False
Is 28225 a multiple of 40?
False
Is 29 a factor of 4669?
True
Is 528 a multiple of 22?
True
Does 5 divide 1180?
True
Is 17 a factor of 7037?
False
Is 41492 a multiple of 46?
True
Is 12 a factor of 1170?
False
Does 20 divide 341?
False
Is 13 a factor of 3266?
False
Does 26 divide 37102?
True
Is 11 a factor of 4961?
True
Is 7 a factor of 378?
True
Is 12 a factor of 1476?
True
Is 51735 a multiple of 63?
False
Does 106 divide 18120?
False
Is 3456 a multiple of 108?
True
Is 42250 a multiple of 25?
True
Is 22 a factor of 23430?
True
Is 4 a factor of 168?
True
Does 68 divide 104792?
False
Is 10108 a multiple of 38?
True
Is 747 a multiple of 28?
False
Does 24 divide 8784?
True
Is 1026 a multiple of 21?
False
Is 11 a factor of 2206?
False
Does 54 divide 1350?
True
Is 696 a multiple of 24?
True
Is 18 a factor of 1602?
True
Is 1546 a multiple of 23?
False
Is 1889 a multiple of 2?
False
Is 143 a multiple of 2?
False
Does 15 divide 705?
True
Is 14 a factor of 28?
True
Does 191 divide 146889?
False
Does 62 divide 1984?
True
Is 29 a multiple of 19?
False
Is 6567 a multiple of 7?
False
Is 1512 a multiple of 49?
False
Is 20 a factor of 3300?
True
Does 22 divide 653?
False
Is 373 a multiple of 13?
False
Does 8 divide 1904?
True
Is 40072 a multiple of 9?
False
Does 76 divide 68148?
False
Is 22301 a multiple of 29?
True
Does 22 divide 1606?
True
Is 2642 a multiple of 14?
False
Does 68 divide 38329?
False
Does 5 divide 861?
False
Is 17 a factor of 8577?
False
Is 30 a factor of 2190?
True
Is 6342 a multiple of 23?
False
Does 10 divide 73498?
False
Does 13 divide 65?
Tru